{"id":3,"date":"2022-11-08T20:03:00","date_gmt":"2022-11-08T20:03:00","guid":{"rendered":"https:\/\/racorshop.de\/?page_id=3"},"modified":"2025-11-24T19:51:07","modified_gmt":"2025-11-24T19:51:07","slug":"privacy-policy","status":"publish","type":"page","link":"https:\/\/racorshop.de\/nl\/privacybeleid\/","title":{"rendered":"Privacybeleid"},"content":{"rendered":"<p>Er zijn, verarbeiten en nutzen Ihre Daten nur im Rahmen der gesetzlichen Bestimmungen.<\/p>\n\n\n\n<p>Deze gegevensbeschermingsbescherming is verguld voor de nutzung van een van onze angebotene websites. Als u geen vergulde website meer heeft, kunt u een volledige link lezen.<\/p>\n\n\n\n<p>Als de website niet anoniem is, is er geen sprake van vrijwillige personen die daten voor het stellen van berichten.<\/p>\n\n\n\n<p>Personen die nu aan het werk zijn, zullen sterven aan de nutzung van de website, waaronder de formule-reeks, erforderlich ist.<\/p>\n\n\n\n<p>We zullen de behandeling van de verwerking ervan versterken. Als u een aanvraag indient, zal uw persoonlijke gegevens verdergaan, maar het zal eerlijk zijn als u het verpest. Als je wilt weten dat het een van de gegevens op het internet is die kan komen, kan het zijn dat je gegevens naar kennis zijn of verf\u00e4lschen.<\/p>\n\n\n\n<p>Als je een verlangen hebt, ga dan naar de plek waar je dat hebt gespeld, en zorg dat je die dingen kwijtraakt. Als u berichten of berichten doorgeeft, kunt u hier een bericht schrijven en het afdrukadres wijzigen.<\/p>\n\n\n\n<p>Im Rahmen der Benachrichtigung unserer \u00fcber Produktneuheiten, etc. senden wir Ihnen E-Mails nur zu, sofern Sie uns Ihre E-Mail-Adresse zur Verf\u00fcgung stellen.<\/p>\n\n\n\n<p><strong>Meer informatie:<\/strong><\/p>\n\n\n\n<p>Dit is de gegevensbeschermingsverklaring van Car-in Automotive GmbH. Portalbetreiberin sterft online Angebotes ist sterven \u2013 Daniel Fahrenheit-Stra\u00dfe 4, 48291 Telgte, Duitsland, die auch de verantwortliche Stelle f\u00fcr die Erhebung, Verarbeitung en Nutzung Ihrer personenbezogenen Daten im Sinne des Bundesdatenschutzgesetzes (BDSG) ist.<\/p>\n\n\n\n<p>Wir legen gr\u00f6\u00dften Wert auf the Schutz Ihrer Data en de Wahrung Ihrer Privatsph\u00e4re. Nachstehend informeren zal zijn over de Erhebung en Verwendung persoonlijke gegevens op Nutzung deze website.<\/p>\n\n\n\n<p><strong>Personenbezogene gegevens zijn nodig, speichern en gebruikt<\/strong><\/p>\n\n\n\n<p>Als u een internetsite bezoekt, is dit een veilige manier om uw persoonlijke gegevens te analyseren en te bespreken. Laut \u00a7 3 Abs. 1 BDSG heeft personenbezogene gegevens over persoonlijke of persoonlijke gegevens die een beste of beste natuurlijke persoon (betroffen) zijn. Als u uw persoonlijke gegevens nu niet meer wilt weergeven, maar niet wilt dat u er iets mee doet.<\/p>\n\n\n\n<p>Zum Beispiel, als uw online-formule een aanvraag indient of als u zich kunt registreren, een product op een website die u kunt kopen. Deze informatie wordt op een beveiligde server in Deutschland gespeicherd, waar de informatie over de identiteit van een persoon nu wordt weergegeven, zodra deze wordt weergegeven. Als u uw brancheboek wilt gebruiken, kunt u uw persoonlijke logingegevens gebruiken. U kunt uw aanvraag indienen tijdens een onderzoek naar info@car-in-automotive.de in bredere zin<\/p>\n\n\n\n<p>Selbstverst\u00e4ndlich beachten wir bei der Erhebung, dem Verwenden and Speichern von personenbezogenen Daten de Vorschriften des Bundesdatenschutzgesetzes, des Telemediengesetzes en ggf. weiterer anwendbarer Datenschutzbestimmungen.<\/p>\n\n\n\n<p><strong>Nutzung von Werbeanalyse-Dienstleister<\/strong><\/p>\n\n\n\n<p>Wir nutzen keine Werbeanalyse-Dienstleister.<\/p>\n\n\n\n<p><strong>Gebruik van Facebook<\/strong><\/p>\n\n\n\n<p>Deze website is ge\u00efntegreerd in het sociale netwerk van Facebook Inc., VS, met de plug-in \u201eFacebook-I-Like\u201c bzw. &quot;Facebook-Gef\u00e4llt-mir&quot;. Het kan zijn dat u de schadelijke gegevensbescherming tegen de beste immunogenen heeft. Als u meer wilt weten over de functionaliteit van de Facebook-plug-ins op de website door op het Facebook-symbool te klikken, kunt u deze plug-ins gebruiken en de andere gegevens van personen gebruiken om de sociale-mediaservice samen te voegen. Er zal geen invloed zijn op de kunst en het welzijn van de nutzung van uw gegevens. Als u een wollige datering verhindert, kunt u de uitgestrekte functies niet meer gebruiken. Hier vindt u informatie over de gegevensbescherming en gegevensbescherming op Facebook.<\/p>\n\n\n\n<p><strong>Uitslag<\/strong><\/p>\n\n\n\n<p>U kunt uw verlangen naar uw gespierde daten verlangen. Als u de juiste tijd hebt, is uw datum niet langer geldig, maar u kunt ook gesperrt worden. Schicken Sie dazu eine Nachricht an den Betreiber: info@ car-in-automotive.de<\/p>\n\n\n\n<p>Als u meer informatie wilt, kunt u de daten op het internet (zB bij de communicatie per e-mail) gebruiken om op te slaan en niet meer te lachen voordat het Zugriff door Dritte gesch\u00fctzt kan worden.<\/p>\n\n\n\n<p><strong>Keine Haftung voor Partner-Seiten<\/strong><\/p>\n\n\n\n<p>Als we willen dat onze partner en andere internetsites onze online-sites gebruiken, zullen onze eigen en onze onbetrouwbare datenbeschermingsrichtlijnen worden gebruikt, voor die kleine verantwoor- dings- of haftung-\u00fcbernehmen.<\/p>\n\n\n\n<p><strong>Unser Recht op de vraag van de richtlijn met ank\u00fcndigung<\/strong><\/p>\n\n\n\n<p>Als u een recht wilt hebben, moet u deze richting bepalen op het gebied van de datenbeschermingsrechten voordat u dit doet.<\/p>\n\n\n\n<p>24 November 2025<\/p>\n\n\n\n<p><strong>Copyrightinzicht<\/strong><\/p>\n\n\n\n<p>Online-Streitbeilegung gem\u00e4\u00df Art. 14 Abs. 1 ODR-VO: De Europese Commissie heeft een platform voor de Online-Streitbeilegung (OS) ingesteld, die op http:\/\/ec.europa.eu\/consumers\/odr\/finden staat. Het is niet mogelijk om een beroep te doen op een verbraucherstreitigkeitsverfahren niet teil.<\/p>","protected":false},"excerpt":{"rendered":"<p>Wir erheben, verarbeiten und nutzen Ihre Daten nur im Rahmen der gesetzlichen Bestimmungen. Diese Datenschutzerkl\u00e4rung gilt ausschlie\u00dflich f\u00fcr die Nutzung der von uns angebotenen Webseiten. Sie gilt nicht f\u00fcr die Webseiten anderer Dienstanbieter, auf die wir lediglich durch einen Link verweisen. Bei der Nutzung unserer Webseiten bleiben Sie anonym, solange Sie uns nicht von sich [&hellip;]<\/p>","protected":false},"author":1,"featured_media":0,"parent":0,"menu_order":0,"comment_status":"closed","ping_status":"open","template":"","meta":{"_seopress_robots_primary_cat":"","_seopress_titles_title":"","_seopress_titles_desc":"","_seopress_robots_index":"","footnotes":""},"class_list":["post-3","page","type-page","status-publish","hentry"],"acpt":null,"_links":{"self":[{"href":"https:\/\/racorshop.de\/nl\/wp-json\/wp\/v2\/pages\/3","targetHints":{"allow":["GET"]}}],"collection":[{"href":"https:\/\/racorshop.de\/nl\/wp-json\/wp\/v2\/pages"}],"about":[{"href":"https:\/\/racorshop.de\/nl\/wp-json\/wp\/v2\/types\/page"}],"author":[{"embeddable":true,"href":"https:\/\/racorshop.de\/nl\/wp-json\/wp\/v2\/users\/1"}],"replies":[{"embeddable":true,"href":"https:\/\/racorshop.de\/nl\/wp-json\/wp\/v2\/comments?post=3"}],"version-history":[{"count":8,"href":"https:\/\/racorshop.de\/nl\/wp-json\/wp\/v2\/pages\/3\/revisions"}],"predecessor-version":[{"id":3587,"href":"https:\/\/racorshop.de\/nl\/wp-json\/wp\/v2\/pages\/3\/revisions\/3587"}],"wp:attachment":[{"href":"https:\/\/racorshop.de\/nl\/wp-json\/wp\/v2\/media?parent=3"}],"curies":[{"name":"wp","href":"https:\/\/api.w.org\/{rel}","templated":true}]}}

<p>Er zijn, verarbeiten en nutzen Ihre Daten nur im Rahmen der gesetzlichen Bestimmungen.</p>



<p>Deze gegevensbeschermingsbescherming is verguld voor de nutzung van een van onze angebotene websites. Als u geen vergulde website meer heeft, kunt u een volledige link lezen.</p>



<p>Als de website niet anoniem is, is er geen sprake van vrijwillige personen die daten voor het stellen van berichten.</p>



<p>Personen die nu aan het werk zijn, zullen sterven aan de nutzung van de website, waaronder de formule-reeks, erforderlich ist.</p>



<p>We zullen de behandeling van de verwerking ervan versterken. Als u een aanvraag indient, zal uw persoonlijke gegevens verdergaan, maar het zal eerlijk zijn als u het verpest. Als je wilt weten dat het een van de gegevens op het internet is die kan komen, kan het zijn dat je gegevens naar kennis zijn of verfälschen.</p>



<p>Als je een verlangen hebt, ga dan naar de plek waar je dat hebt gespeld, en zorg dat je die dingen kwijtraakt. Als u berichten of berichten doorgeeft, kunt u hier een bericht schrijven en het afdrukadres wijzigen.</p>



<p>Im Rahmen der Benachrichtigung unserer über Produktneuheiten, etc. senden wir Ihnen E-Mails nur zu, sofern Sie uns Ihre E-Mail-Adresse zur Verfügung stellen.</p>



<p><strong>Meer informatie:</strong></p>



<p>Dit is de gegevensbeschermingsverklaring van Car-in Automotive GmbH. Portalbetreiberin sterft online Angebotes ist sterven – Daniel Fahrenheit-Straße 4, 48291 Telgte, Duitsland, die auch de verantwortliche Stelle für die Erhebung, Verarbeitung en Nutzung Ihrer personenbezogenen Daten im Sinne des Bundesdatenschutzgesetzes (BDSG) ist.</p>



<p>Wir legen größten Wert auf the Schutz Ihrer Data en de Wahrung Ihrer Privatsphäre. Nachstehend informeren zal zijn over de Erhebung en Verwendung persoonlijke gegevens op Nutzung deze website.</p>



<p><strong>Personenbezogene gegevens zijn nodig, speichern en gebruikt</strong></p>



<p>Als u een internetsite bezoekt, is dit een veilige manier om uw persoonlijke gegevens te analyseren en te bespreken. Laut § 3 Abs. 1 BDSG heeft personenbezogene gegevens over persoonlijke of persoonlijke gegevens die een beste of beste natuurlijke persoon (betroffen) zijn. Als u uw persoonlijke gegevens nu niet meer wilt weergeven, maar niet wilt dat u er iets mee doet.</p>



<p>Zum Beispiel, als uw online-formule een aanvraag indient of als u zich kunt registreren, een product op een website die u kunt kopen. Deze informatie wordt op een beveiligde server in Deutschland gespeicherd, waar de informatie over de identiteit van een persoon nu wordt weergegeven, zodra deze wordt weergegeven. Als u uw brancheboek wilt gebruiken, kunt u uw persoonlijke logingegevens gebruiken. U kunt uw aanvraag indienen tijdens een onderzoek naar info@car-in-automotive.de in bredere zin</p>



<p>Selbstverständlich beachten wir bei der Erhebung, dem Verwenden and Speichern von personenbezogenen Daten de Vorschriften des Bundesdatenschutzgesetzes, des Telemediengesetzes en ggf. weiterer anwendbarer Datenschutzbestimmungen.</p>



<p><strong>Nutzung von Werbeanalyse-Dienstleister</strong></p>



<p>Wir nutzen keine Werbeanalyse-Dienstleister.</p>



<p><strong>Gebruik van Facebook</strong></p>



<p>Deze website is geïntegreerd in het sociale netwerk van Facebook Inc., VS, met de plug-in „Facebook-I-Like“ bzw. &quot;Facebook-Gefällt-mir&quot;. Het kan zijn dat u de schadelijke gegevensbescherming tegen de beste immunogenen heeft. Als u meer wilt weten over de functionaliteit van de Facebook-plug-ins op de website door op het Facebook-symbool te klikken, kunt u deze plug-ins gebruiken en de andere gegevens van personen gebruiken om de sociale-mediaservice samen te voegen. Er zal geen invloed zijn op de kunst en het welzijn van de nutzung van uw gegevens. Als u een wollige datering verhindert, kunt u de uitgestrekte functies niet meer gebruiken. Hier vindt u informatie over de gegevensbescherming en gegevensbescherming op Facebook.</p>



<p><strong>Uitslag</strong></p>



<p>U kunt uw verlangen naar uw gespierde daten verlangen. Als u de juiste tijd hebt, is uw datum niet langer geldig, maar u kunt ook gesperrt worden. Schicken Sie dazu eine Nachricht an den Betreiber: info@ car-in-automotive.de</p>



<p>Als u meer informatie wilt, kunt u de daten op het internet (zB bij de communicatie per e-mail) gebruiken om op te slaan en niet meer te lachen voordat het Zugriff door Dritte geschützt kan worden.</p>



<p><strong>Keine Haftung voor Partner-Seiten</strong></p>



<p>Als we willen dat onze partner en andere internetsites onze online-sites gebruiken, zullen onze eigen en onze onbetrouwbare datenbeschermingsrichtlijnen worden gebruikt, voor die kleine verantwoor- dings- of haftung-übernehmen.</p>



<p><strong>Unser Recht op de vraag van de richtlijn met ankündigung</strong></p>



<p>Als u een recht wilt hebben, moet u deze richting bepalen op het gebied van de datenbeschermingsrechten voordat u dit doet.</p>



<p>24 November 2025</p>



<p><strong>Copyrightinzicht</strong></p>



<p>Online-Streitbeilegung gemäß Art. 14 Abs. 1 ODR-VO: De Europese Commissie heeft een platform voor de Online-Streitbeilegung (OS) ingesteld, die op http://ec.europa.eu/consumers/odr/finden staat. Het is niet mogelijk om een beroep te doen op een verbraucherstreitigkeitsverfahren niet teil.</p>

<p>Wir erheben, verarbeiten und nutzen Ihre Daten nur im Rahmen der gesetzlichen Bestimmungen. Diese Datenschutzerklärung gilt ausschließlich für die Nutzung der von uns angebotenen Webseiten. Sie gilt nicht für die Webseiten anderer Dienstanbieter, auf die wir lediglich durch einen Link verweisen. Bei der Nutzung unserer Webseiten bleiben Sie anonym, solange Sie uns nicht von sich [&hellip;]</p>
