{"id":2143,"date":"2024-03-11T16:54:00","date_gmt":"2024-03-11T16:54:00","guid":{"rendered":"https:\/\/racorshop.de\/?page_id=2143"},"modified":"2025-02-23T16:58:15","modified_gmt":"2025-02-23T16:58:15","slug":"privatsphare","status":"publish","type":"page","link":"https:\/\/racorshop.de\/nl\/privesfeer\/","title":{"rendered":"Priv\u00e9sfeer"},"content":{"rendered":"<h2 class=\"wp-block-heading\">Informatie over datenerhebung gem\u00e4\u00df Artikel 13 DSGVO<\/h2>\n\n\n\n<p>Die Car-in Automotive GmbH, Daniel-Fahrenheit-Strasse 4, 48291 Telgte, Gesch\u00e4ftsf\u00fchrer Herr Thorsten Brungert, erhebt Ihre Data zum Zweck der Vertragsdurchf\u00fchrung, zur Erf\u00fcllung ihrer vertraglichen en voorvertraglichen Pflichten sowie zur Direktwerbung.<\/p>\n\n\n\n<p>De data- en dataverspreiding is voor de duur van de overdracht van erforderlicht en beruht op artikel 6 Abs. 1 b) DSGVO. Eine Weitergabe der Daten and Dritte findet nicht statt. De data werden gel\u00f6scht, zodat ze voor de Zweck niet langer een erforderliche zonde zouden zijn.<\/p>\n\n\n\n<p>Als u recht heeft, is het mogelijk om de gegevens van uw directe carri\u00e8re te delen met een bredere verspreiding. Als u recht heeft, kunt u een van de belangrijkste gegevens gebruiken die u kunt gebruiken bij het ongedaan maken van de berichten of bij het uitsluiten van daten over de gegevens die u wilt doorgeven. U kunt een Datenschutzbeauftragten gebruiken onder Datenschutz@car-in-automotive.de of een Datenschutzbeauftragter c\/o Car-in Automotive GmbH, Daniel-Fahrenheit-Strasse 4, 48291 Telgte, erreichen.<\/p>\n\n\n\n<p>Ihnen steht des Weiteren ein Beschwerderecht bei der Aufsichtsbeh\u00f6rde zu.<\/p>\n\n\n\n<p>Einzelheiten vinden Sie in unserer Datenschutzerkl\u00e4rung<\/p>","protected":false},"excerpt":{"rendered":"<p>Informationen zur Datenerhebung gem\u00e4\u00df Artikel 13 DSGVO Die Car-in Automotive GmbH, Daniel-Fahrenheit-Strasse 4, 48291 Telgte, Gesch\u00e4ftsf\u00fchrer Herr Thorsten Brungert, erhebt Ihre Daten zum Zweck der Vertragsdurchf\u00fchrung, zur Erf\u00fcllung ihrer vertraglichen und vorvertraglichen Pflichten sowie zur Direktwerbung. Die Datenerhebung und Datenverarbeitung ist f\u00fcr die Durchf\u00fchrung des Vertrags erforderlich und beruht auf Artikel 6 Abs. 1 b) [&hellip;]<\/p>","protected":false},"author":1,"featured_media":0,"parent":0,"menu_order":0,"comment_status":"closed","ping_status":"closed","template":"","meta":{"_seopress_robots_primary_cat":"","_seopress_titles_title":"","_seopress_titles_desc":"","_seopress_robots_index":"","footnotes":""},"class_list":["post-2143","page","type-page","status-publish","hentry"],"acpt":null,"_links":{"self":[{"href":"https:\/\/racorshop.de\/nl\/wp-json\/wp\/v2\/pages\/2143","targetHints":{"allow":["GET"]}}],"collection":[{"href":"https:\/\/racorshop.de\/nl\/wp-json\/wp\/v2\/pages"}],"about":[{"href":"https:\/\/racorshop.de\/nl\/wp-json\/wp\/v2\/types\/page"}],"author":[{"embeddable":true,"href":"https:\/\/racorshop.de\/nl\/wp-json\/wp\/v2\/users\/1"}],"replies":[{"embeddable":true,"href":"https:\/\/racorshop.de\/nl\/wp-json\/wp\/v2\/comments?post=2143"}],"version-history":[{"count":2,"href":"https:\/\/racorshop.de\/nl\/wp-json\/wp\/v2\/pages\/2143\/revisions"}],"predecessor-version":[{"id":2147,"href":"https:\/\/racorshop.de\/nl\/wp-json\/wp\/v2\/pages\/2143\/revisions\/2147"}],"wp:attachment":[{"href":"https:\/\/racorshop.de\/nl\/wp-json\/wp\/v2\/media?parent=2143"}],"curies":[{"name":"wp","href":"https:\/\/api.w.org\/{rel}","templated":true}]}}

Privésfeer

<h2 class="wp-block-heading">Informatie over datenerhebung gemäß Artikel 13 DSGVO</h2>



<p>Die Car-in Automotive GmbH, Daniel-Fahrenheit-Strasse 4, 48291 Telgte, Geschäftsführer Herr Thorsten Brungert, erhebt Ihre Data zum Zweck der Vertragsdurchführung, zur Erfüllung ihrer vertraglichen en voorvertraglichen Pflichten sowie zur Direktwerbung.</p>



<p>De data- en dataverspreiding is voor de duur van de overdracht van erforderlicht en beruht op artikel 6 Abs. 1 b) DSGVO. Eine Weitergabe der Daten and Dritte findet nicht statt. De data werden gelöscht, zodat ze voor de Zweck niet langer een erforderliche zonde zouden zijn.</p>



<p>Als u recht heeft, is het mogelijk om de gegevens van uw directe carrière te delen met een bredere verspreiding. Als u recht heeft, kunt u een van de belangrijkste gegevens gebruiken die u kunt gebruiken bij het ongedaan maken van de berichten of bij het uitsluiten van daten over de gegevens die u wilt doorgeven. U kunt een Datenschutzbeauftragten gebruiken onder Datenschutz@car-in-automotive.de of een Datenschutzbeauftragter c/o Car-in Automotive GmbH, Daniel-Fahrenheit-Strasse 4, 48291 Telgte, erreichen.</p>



<p>Ihnen steht des Weiteren ein Beschwerderecht bei der Aufsichtsbehörde zu.</p>



<p>Einzelheiten vinden Sie in unserer Datenschutzerklärung</p>

<p>Informationen zur Datenerhebung gemäß Artikel 13 DSGVO Die Car-in Automotive GmbH, Daniel-Fahrenheit-Strasse 4, 48291 Telgte, Geschäftsführer Herr Thorsten Brungert, erhebt Ihre Daten zum Zweck der Vertragsdurchführung, zur Erfüllung ihrer vertraglichen und vorvertraglichen Pflichten sowie zur Direktwerbung. Die Datenerhebung und Datenverarbeitung ist für die Durchführung des Vertrags erforderlich und beruht auf Artikel 6 Abs. 1 b) [&hellip;]</p>
