{"id":2143,"date":"2024-03-11T16:54:00","date_gmt":"2024-03-11T16:54:00","guid":{"rendered":"https:\/\/racorshop.de\/?page_id=2143"},"modified":"2025-02-23T16:58:15","modified_gmt":"2025-02-23T16:58:15","slug":"privatsphare","status":"publish","type":"page","link":"https:\/\/racorshop.de\/it\/zona-privata\/","title":{"rendered":"Privacy"},"content":{"rendered":"<h2 class=\"wp-block-heading\">Informationen zur Datenerhebung gem\u00e4\u00df Artikel 13 DSGVO<\/h2>\n\n\n\n<p>Die Car-in Automotive GmbH, Daniel-Fahrenheit-Strasse 4, 48291 Telgte, Gesch\u00e4ftsf\u00fchrer Herr Thorsten Brungert, erhebt Ihre Daten zum Zweck der Vertragsdurchf\u00fchrung, zur Erf\u00fcllung ihrer vertraglichen und vorvertraglichen Pflichten sowie zur Direktwerbung.<\/p>\n\n\n\n<p>Die Datenerhebung und Datenverarbeitung ist f\u00fcr die Durchf\u00fchrung des Vertrags erforderlich und beruht auf Artikel 6 Abs. 1 b) DSGVO. Eine Weitergabe der Daten an Dritte findet nicht statt. Die Daten werden gel\u00f6scht, sobald sie f\u00fcr den Zweck ihrer Verarbeitung nicht mehr erforderlich sind.<\/p>\n\n\n\n<p>Sie haben das Recht, der Verwendung Ihrer Daten zum Zweck der Direktwerbung jederzeit zu widesprechen. Zudem sind Sie berechtigt, Auskunft der bei uns \u00fcber Sie gespeicherten Daten zu beantragen sowie bei Unrichtigkeit der Daten die Berichtigung oder bei unzul\u00e4ssiger Datenspeicherung die L\u00f6schung der Daten zu fordern. Sie k\u00f6nnen unseren Datenschutzbeauftragten unter Datenschutz@car-in-automotive.de oder unter Datenschutzbeauftragter c\/o Car-in Automotive GmbH, Daniel-Fahrenheit-Strasse 4, 48291 Telgte, erreichen.<\/p>\n\n\n\n<p>Ihnen steht des Weiteren ein Beschwerderecht bei der Aufsichtsbeh\u00f6rde zu.<\/p>\n\n\n\n<p>Einzelheiten finden Sie in unserer Datenschutzerkl\u00e4rung<\/p>","protected":false},"excerpt":{"rendered":"<p>Informationen zur Datenerhebung gem\u00e4\u00df Artikel 13 DSGVO Die Car-in Automotive GmbH, Daniel-Fahrenheit-Strasse 4, 48291 Telgte, Gesch\u00e4ftsf\u00fchrer Herr Thorsten Brungert, erhebt Ihre Daten zum Zweck der Vertragsdurchf\u00fchrung, zur Erf\u00fcllung ihrer vertraglichen und vorvertraglichen Pflichten sowie zur Direktwerbung. Die Datenerhebung und Datenverarbeitung ist f\u00fcr die Durchf\u00fchrung des Vertrags erforderlich und beruht auf Artikel 6 Abs. 1 b) [&hellip;]<\/p>","protected":false},"author":1,"featured_media":0,"parent":0,"menu_order":0,"comment_status":"closed","ping_status":"closed","template":"","meta":{"_seopress_robots_primary_cat":"","_seopress_titles_title":"","_seopress_titles_desc":"","_seopress_robots_index":"","footnotes":""},"class_list":["post-2143","page","type-page","status-publish","hentry"],"acpt":null,"_links":{"self":[{"href":"https:\/\/racorshop.de\/it\/wp-json\/wp\/v2\/pages\/2143","targetHints":{"allow":["GET"]}}],"collection":[{"href":"https:\/\/racorshop.de\/it\/wp-json\/wp\/v2\/pages"}],"about":[{"href":"https:\/\/racorshop.de\/it\/wp-json\/wp\/v2\/types\/page"}],"author":[{"embeddable":true,"href":"https:\/\/racorshop.de\/it\/wp-json\/wp\/v2\/users\/1"}],"replies":[{"embeddable":true,"href":"https:\/\/racorshop.de\/it\/wp-json\/wp\/v2\/comments?post=2143"}],"version-history":[{"count":2,"href":"https:\/\/racorshop.de\/it\/wp-json\/wp\/v2\/pages\/2143\/revisions"}],"predecessor-version":[{"id":2147,"href":"https:\/\/racorshop.de\/it\/wp-json\/wp\/v2\/pages\/2143\/revisions\/2147"}],"wp:attachment":[{"href":"https:\/\/racorshop.de\/it\/wp-json\/wp\/v2\/media?parent=2143"}],"curies":[{"name":"wp","href":"https:\/\/api.w.org\/{rel}","templated":true}]}}

<h2 class="wp-block-heading">Informationen zur Datenerhebung gemäß Artikel 13 DSGVO</h2>



<p>Die Car-in Automotive GmbH, Daniel-Fahrenheit-Strasse 4, 48291 Telgte, Geschäftsführer Herr Thorsten Brungert, erhebt Ihre Daten zum Zweck der Vertragsdurchführung, zur Erfüllung ihrer vertraglichen und vorvertraglichen Pflichten sowie zur Direktwerbung.</p>



<p>Die Datenerhebung und Datenverarbeitung ist für die Durchführung des Vertrags erforderlich und beruht auf Artikel 6 Abs. 1 b) DSGVO. Eine Weitergabe der Daten an Dritte findet nicht statt. Die Daten werden gelöscht, sobald sie für den Zweck ihrer Verarbeitung nicht mehr erforderlich sind.</p>



<p>Sie haben das Recht, der Verwendung Ihrer Daten zum Zweck der Direktwerbung jederzeit zu widesprechen. Zudem sind Sie berechtigt, Auskunft der bei uns über Sie gespeicherten Daten zu beantragen sowie bei Unrichtigkeit der Daten die Berichtigung oder bei unzulässiger Datenspeicherung die Löschung der Daten zu fordern. Sie können unseren Datenschutzbeauftragten unter Datenschutz@car-in-automotive.de oder unter Datenschutzbeauftragter c/o Car-in Automotive GmbH, Daniel-Fahrenheit-Strasse 4, 48291 Telgte, erreichen.</p>



<p>Ihnen steht des Weiteren ein Beschwerderecht bei der Aufsichtsbehörde zu.</p>



<p>Einzelheiten finden Sie in unserer Datenschutzerklärung</p>

<p>Informationen zur Datenerhebung gemäß Artikel 13 DSGVO Die Car-in Automotive GmbH, Daniel-Fahrenheit-Strasse 4, 48291 Telgte, Geschäftsführer Herr Thorsten Brungert, erhebt Ihre Daten zum Zweck der Vertragsdurchführung, zur Erfüllung ihrer vertraglichen und vorvertraglichen Pflichten sowie zur Direktwerbung. Die Datenerhebung und Datenverarbeitung ist für die Durchführung des Vertrags erforderlich und beruht auf Artikel 6 Abs. 1 b) [&hellip;]</p>
