{"id":3,"date":"2022-11-08T20:03:00","date_gmt":"2022-11-08T20:03:00","guid":{"rendered":"https:\/\/racorshop.de\/?page_id=3"},"modified":"2025-11-24T19:51:07","modified_gmt":"2025-11-24T19:51:07","slug":"privacy-policy","status":"publish","type":"page","link":"https:\/\/racorshop.de\/fr\/politique-de-confidentialite\/","title":{"rendered":"politique de confidentialit\u00e9"},"content":{"rendered":"<p>Wir erheben, verarbeiten und nutzen Ihre Daten nur im Rahmen der gesetzlichen Bestimmungen.<\/p>\n\n\n\n<p>Ces donn\u00e9es de s\u00e9curit\u00e9 sont dor\u00e9s ausschlie\u00dflich pour les informations de nos sites Web angebotenen. Il n&#039;est pas possible de consulter les sites Web d&#039;autres fournisseurs de services, mais vous serez inform\u00e9 par un lien vers ce site.<\/p>\n\n\n\n<p>Bei der Nutzung noserer Webseiten bleiben Sie anonyme, Solange Sie uns pas von sich aus libre willig personenbezogene Daten zur Verf\u00fcgung stellen.<\/p>\n\n\n\n<p>Personenbezogen Daten werden nur dann erhoben, wenn dies f\u00fcr die Nutzung der auf der Website angebotenen Leistungen, insbesondere Formularangebote, erforderlich ist.<\/p>\n\n\n\n<p>Wir werden die von Ihnen zur Verf\u00fcgung gestellten Daten streng vertraulich behandeln. Ohne Ihre ausdr\u00fcckliche Einwilligung geben wir keine pers\u00f6nlichen Daten weiter, es sei denn, dass wir rechtlich dazu verpflichtet sind. Nous pensons que c&#039;est \u00e0 la recherche de donn\u00e9es sur Internet que vous pouvez obtenir des donn\u00e9es sur vos donn\u00e9es pour que votre Kenntnis ne soit pas autoris\u00e9 \u00e0 le faire.<\/p>\n\n\n\n<p>Sofern Sie es von uns verlangen, gew\u00e4hren wir Ihnen Einblick in die \u00fcber Sie gespeicherten Daten, beziehungsweise l\u00f6schen cese. Wenn Sie Daten berichtigen, l\u00f6schen orer einsehen wollen, gen\u00fcgt hierf\u00fcr ein Schreiben and die im Impressum angegebene Adresse.<\/p>\n\n\n\n<p>Im Rahmen der Benachrichtigung noserer Kunden \u00fcber Produktneuheiten, etc. senden wir Ihnen E-Mails nur zu, sofern Sie uns Your E-Mail-Adresse zur Verf\u00fcgung stellen.<\/p>\n\n\n\n<p><strong>Plus d&#039;informations :<\/strong><\/p>\n\n\n\n<p>Il s\u2019agit de la Datenschutzerkl\u00e4rung der Car-in Automotive GmbH. Ce portail en ligne vous propose des conseils \u2013 Daniel Fahrenheit-Stra\u00dfe 4, 48291 Telgte, Allemagne, qui a \u00e9galement la responsabilit\u00e9 de l&#039;organisation, de la v\u00e9rification et de l&#039;organisation de vos personnes dans le cadre de la loi f\u00e9d\u00e9rale sur la protection des donn\u00e9es (BDSG).<\/p>\n\n\n\n<p>Wir legen grand Wert auf den Schutz Ihrer Daten et die Wahrung Ihrer Privatsph\u00e4re. Nachstehend informieren wir Sie deshalb \u00fcber die Erhebung and Verwendung pers\u00f6nlicher Daten bei Nutzung ce site Web.<\/p>\n\n\n\n<p><strong>Personenbezogen Daten erheben, speichern et verwenden<\/strong><\/p>\n\n\n\n<p>Sur notre site Internet, vous trouverez une solution fiable, dans laquelle vous aurez vos donn\u00e9es personnelles abfragen et speichern. Laut \u00a7 3 Abs. 1 BDSG sind personenbezogene Daten Einzelangaben \u00fcber pers\u00f6nliche oder sahliche Verh\u00e4ltnisse einer bestimmten oder bestimmbaren nat\u00fcrlichen Person (Betroffener). Wir erheben, verarbeiten und nutzen Ihre pers\u00f6nlichen Daten nur dann, wenn Sie zuvor ausdr\u00fccklich eingewilligt haben.<\/p>\n\n\n\n<p>Par exemple, lorsque vous cr\u00e9ez un formulaire en ligne ou que vous enregistrez des produits, un produit sur notre site Web est disponible. Ces informations sont envoy\u00e9es sur un serveur sp\u00e9cialis\u00e9 en Allemagne, ce qui vous permet d&#039;obtenir des informations sur votre identit\u00e9 de notre part, si vous avez ces informations ausdr\u00fccklich mitteilen. Sie k\u00f6nnen Ihren Branchenbucheintrag jederzeit mit Ihren pers\u00f6nlichen Login-Daten l\u00f6schen. Sie k\u00f6nnen Ihre Einwilligung auch jederzeit durch eine Nachricht an info@car-in-automotive.de<\/p>\n\n\n\n<p>Les normes individuelles se situent au niveau de l&#039;Erhebung, des services et des informations sur les personnes autoris\u00e9es. Daten die Vorschriften des Bundesdatenschutzgesetzes, des Telemediengesetzes et ggf. weiterer anwendbarer Datenschutzbestimmungen.<\/p>\n\n\n\n<p><strong>Nutzung von Werbeanalyse-Dienstleister<\/strong><\/p>\n\n\n\n<p>Wir nutzen keine Werbeanalyse-Dienstleister.<\/p>\n\n\n\n<p><strong>Utilisation de Facebook<\/strong><\/p>\n\n\n\n<p>Ce site Web est int\u00e9gr\u00e9 au r\u00e9seau social de Facebook Inc., \u00c9tats-Unis, avec le plug-in \u00ab\u00a0Facebook-I-Like\u00a0\u00bb bzw. \u00ab\u00a0Facebook-Gef\u00e4llt-mir\u00a0\u00bb. Dabei haben wir auf die Einhaltung datenschutzrechtlicher Bestimmungen geachtet. Nous vous proposons de vous aider \u00e0 utiliser les plug-ins Facebook sur ce site Web en cliquant simplement sur le symbole Facebook, en cliquant sur ces plug-ins et en donnant \u00e9galement des informations personnelles sur les services de m\u00e9dias sociaux. Nous avons des id\u00e9es sur l&#039;art et les connaissances sur vos donn\u00e9es. Si une date de d\u00e9rartige est prise en charge, vous devez donc vous assurer que les fonctions avanc\u00e9es ne sont pas utiles. Vous trouverez plus d&#039;informations sur l&#039;utilisation et la configuration des donn\u00e9es dans les donn\u00e9es de protection des donn\u00e9es sur Facebook.<\/p>\n\n\n\n<p><strong>\u00c9volution<\/strong><\/p>\n\n\n\n<p>Sie k\u00f6nnen jederzeit Auskunft \u00fcber Ihre gespeicherten Daten verlangen. Ebenso haben Sie jederzeit das Recht, dass Ihre Daten jederzeit unentgeltlich gel\u00f6scht, ge\u00e4ndert oder gesperrt werden. Schicken Sie Dazu eine Nachricht an den Betreiber: info@car-in-automotive.de<\/p>\n\n\n\n<p>Wir weisen ausdr\u00fccklich darauf hin, dass die Daten\u00fcbertragung im Internet (zB bei der Kommunikation per E-Mail) Sicherheitsl\u00fccken aufweisen und nicht l\u00fcckenlos vor dem Zugriff durch Dritte gesch\u00fctzt werden kann.<\/p>\n\n\n\n<p><strong>Keine Haftung f\u00fcr Partner-Seiten<\/strong><\/p>\n\n\n\n<p>Nous vous proposons de faire appel \u00e0 nos partenaires et \u00e0 d&#039;autres sites Internet pour que notre robot en ligne soit responsable de nos propres lignes de protection des donn\u00e9es et de nos services pour votre entreprise ou votre entreprise.<\/p>\n\n\n\n<p><strong>Notre droit auf \u00c4nderung der Richtlinien mit Ank\u00fcndigung<\/strong><\/p>\n\n\n\n<p>Nous sommes responsables du droit de la personne, jederzeit ces lignes de richesse sous la protection des dates de protection des droits de l&#039;homme vers l&#039;\u00e9tranger.<\/p>\n\n\n\n<p>24 November 2025<\/p>\n\n\n\n<p><strong>Mention de copyright<\/strong><\/p>\n\n\n\n<p>Streitbeilegung gem\u00e4\u00df Art. 14 Abdos. 1 ODR-VO\u00a0: La Commission europ\u00e9enne a une plate-forme de diffusion en ligne (OS) disponible sur http:\/\/ec.europa.eu\/consumers\/odr\/ finden. Dar\u00fcber hinaus nimmt notre Betrieb an einem Verbraucherstreitigkeitsverfahren nicht teil.<\/p>","protected":false},"excerpt":{"rendered":"<p>Wir erheben, verarbeiten und nutzen Ihre Daten nur im Rahmen der gesetzlichen Bestimmungen. Diese Datenschutzerkl\u00e4rung gilt ausschlie\u00dflich f\u00fcr die Nutzung der von uns angebotenen Webseiten. Sie gilt nicht f\u00fcr die Webseiten anderer Dienstanbieter, auf die wir lediglich durch einen Link verweisen. Bei der Nutzung unserer Webseiten bleiben Sie anonym, solange Sie uns nicht von sich [&hellip;]<\/p>","protected":false},"author":1,"featured_media":0,"parent":0,"menu_order":0,"comment_status":"closed","ping_status":"open","template":"","meta":{"_seopress_robots_primary_cat":"","_seopress_titles_title":"","_seopress_titles_desc":"","_seopress_robots_index":"","footnotes":""},"class_list":["post-3","page","type-page","status-publish","hentry"],"acpt":null,"_links":{"self":[{"href":"https:\/\/racorshop.de\/fr\/wp-json\/wp\/v2\/pages\/3","targetHints":{"allow":["GET"]}}],"collection":[{"href":"https:\/\/racorshop.de\/fr\/wp-json\/wp\/v2\/pages"}],"about":[{"href":"https:\/\/racorshop.de\/fr\/wp-json\/wp\/v2\/types\/page"}],"author":[{"embeddable":true,"href":"https:\/\/racorshop.de\/fr\/wp-json\/wp\/v2\/users\/1"}],"replies":[{"embeddable":true,"href":"https:\/\/racorshop.de\/fr\/wp-json\/wp\/v2\/comments?post=3"}],"version-history":[{"count":8,"href":"https:\/\/racorshop.de\/fr\/wp-json\/wp\/v2\/pages\/3\/revisions"}],"predecessor-version":[{"id":3587,"href":"https:\/\/racorshop.de\/fr\/wp-json\/wp\/v2\/pages\/3\/revisions\/3587"}],"wp:attachment":[{"href":"https:\/\/racorshop.de\/fr\/wp-json\/wp\/v2\/media?parent=3"}],"curies":[{"name":"wp","href":"https:\/\/api.w.org\/{rel}","templated":true}]}}

politique de confidentialité

<p>Wir erheben, verarbeiten und nutzen Ihre Daten nur im Rahmen der gesetzlichen Bestimmungen.</p>



<p>Ces données de sécurité sont dorés ausschließlich pour les informations de nos sites Web angebotenen. Il n&#039;est pas possible de consulter les sites Web d&#039;autres fournisseurs de services, mais vous serez informé par un lien vers ce site.</p>



<p>Bei der Nutzung noserer Webseiten bleiben Sie anonyme, Solange Sie uns pas von sich aus libre willig personenbezogene Daten zur Verfügung stellen.</p>



<p>Personenbezogen Daten werden nur dann erhoben, wenn dies für die Nutzung der auf der Website angebotenen Leistungen, insbesondere Formularangebote, erforderlich ist.</p>



<p>Wir werden die von Ihnen zur Verfügung gestellten Daten streng vertraulich behandeln. Ohne Ihre ausdrückliche Einwilligung geben wir keine persönlichen Daten weiter, es sei denn, dass wir rechtlich dazu verpflichtet sind. Nous pensons que c&#039;est à la recherche de données sur Internet que vous pouvez obtenir des données sur vos données pour que votre Kenntnis ne soit pas autorisé à le faire.</p>



<p>Sofern Sie es von uns verlangen, gewähren wir Ihnen Einblick in die über Sie gespeicherten Daten, beziehungsweise löschen cese. Wenn Sie Daten berichtigen, löschen orer einsehen wollen, genügt hierfür ein Schreiben and die im Impressum angegebene Adresse.</p>



<p>Im Rahmen der Benachrichtigung noserer Kunden über Produktneuheiten, etc. senden wir Ihnen E-Mails nur zu, sofern Sie uns Your E-Mail-Adresse zur Verfügung stellen.</p>



<p><strong>Plus d&#039;informations :</strong></p>



<p>Il s’agit de la Datenschutzerklärung der Car-in Automotive GmbH. Ce portail en ligne vous propose des conseils – Daniel Fahrenheit-Straße 4, 48291 Telgte, Allemagne, qui a également la responsabilité de l&#039;organisation, de la vérification et de l&#039;organisation de vos personnes dans le cadre de la loi fédérale sur la protection des données (BDSG).</p>



<p>Wir legen grand Wert auf den Schutz Ihrer Daten et die Wahrung Ihrer Privatsphäre. Nachstehend informieren wir Sie deshalb über die Erhebung and Verwendung persönlicher Daten bei Nutzung ce site Web.</p>



<p><strong>Personenbezogen Daten erheben, speichern et verwenden</strong></p>



<p>Sur notre site Internet, vous trouverez une solution fiable, dans laquelle vous aurez vos données personnelles abfragen et speichern. Laut § 3 Abs. 1 BDSG sind personenbezogene Daten Einzelangaben über persönliche oder sahliche Verhältnisse einer bestimmten oder bestimmbaren natürlichen Person (Betroffener). Wir erheben, verarbeiten und nutzen Ihre persönlichen Daten nur dann, wenn Sie zuvor ausdrücklich eingewilligt haben.</p>



<p>Par exemple, lorsque vous créez un formulaire en ligne ou que vous enregistrez des produits, un produit sur notre site Web est disponible. Ces informations sont envoyées sur un serveur spécialisé en Allemagne, ce qui vous permet d&#039;obtenir des informations sur votre identité de notre part, si vous avez ces informations ausdrücklich mitteilen. Sie können Ihren Branchenbucheintrag jederzeit mit Ihren persönlichen Login-Daten löschen. Sie können Ihre Einwilligung auch jederzeit durch eine Nachricht an info@car-in-automotive.de</p>



<p>Les normes individuelles se situent au niveau de l&#039;Erhebung, des services et des informations sur les personnes autorisées. Daten die Vorschriften des Bundesdatenschutzgesetzes, des Telemediengesetzes et ggf. weiterer anwendbarer Datenschutzbestimmungen.</p>



<p><strong>Nutzung von Werbeanalyse-Dienstleister</strong></p>



<p>Wir nutzen keine Werbeanalyse-Dienstleister.</p>



<p><strong>Utilisation de Facebook</strong></p>



<p>Ce site Web est intégré au réseau social de Facebook Inc., États-Unis, avec le plug-in « Facebook-I-Like » bzw. « Facebook-Gefällt-mir ». Dabei haben wir auf die Einhaltung datenschutzrechtlicher Bestimmungen geachtet. Nous vous proposons de vous aider à utiliser les plug-ins Facebook sur ce site Web en cliquant simplement sur le symbole Facebook, en cliquant sur ces plug-ins et en donnant également des informations personnelles sur les services de médias sociaux. Nous avons des idées sur l&#039;art et les connaissances sur vos données. Si une date de dérartige est prise en charge, vous devez donc vous assurer que les fonctions avancées ne sont pas utiles. Vous trouverez plus d&#039;informations sur l&#039;utilisation et la configuration des données dans les données de protection des données sur Facebook.</p>



<p><strong>Évolution</strong></p>



<p>Sie können jederzeit Auskunft über Ihre gespeicherten Daten verlangen. Ebenso haben Sie jederzeit das Recht, dass Ihre Daten jederzeit unentgeltlich gelöscht, geändert oder gesperrt werden. Schicken Sie Dazu eine Nachricht an den Betreiber: info@car-in-automotive.de</p>



<p>Wir weisen ausdrücklich darauf hin, dass die Datenübertragung im Internet (zB bei der Kommunikation per E-Mail) Sicherheitslücken aufweisen und nicht lückenlos vor dem Zugriff durch Dritte geschützt werden kann.</p>



<p><strong>Keine Haftung für Partner-Seiten</strong></p>



<p>Nous vous proposons de faire appel à nos partenaires et à d&#039;autres sites Internet pour que notre robot en ligne soit responsable de nos propres lignes de protection des données et de nos services pour votre entreprise ou votre entreprise.</p>



<p><strong>Notre droit auf Änderung der Richtlinien mit Ankündigung</strong></p>



<p>Nous sommes responsables du droit de la personne, jederzeit ces lignes de richesse sous la protection des dates de protection des droits de l&#039;homme vers l&#039;étranger.</p>



<p>24 November 2025</p>



<p><strong>Mention de copyright</strong></p>



<p>Streitbeilegung gemäß Art. 14 Abdos. 1 ODR-VO : La Commission européenne a une plate-forme de diffusion en ligne (OS) disponible sur http://ec.europa.eu/consumers/odr/ finden. Darüber hinaus nimmt notre Betrieb an einem Verbraucherstreitigkeitsverfahren nicht teil.</p>

<p>Wir erheben, verarbeiten und nutzen Ihre Daten nur im Rahmen der gesetzlichen Bestimmungen. Diese Datenschutzerklärung gilt ausschließlich für die Nutzung der von uns angebotenen Webseiten. Sie gilt nicht für die Webseiten anderer Dienstanbieter, auf die wir lediglich durch einen Link verweisen. Bei der Nutzung unserer Webseiten bleiben Sie anonym, solange Sie uns nicht von sich [&hellip;]</p>
